{"id":114,"date":"2024-05-08T20:24:53","date_gmt":"2024-05-08T18:24:53","guid":{"rendered":"https:\/\/www.nettoad.dev\/manus\/?post_type=product&#038;p=114"},"modified":"2024-05-21T09:52:54","modified_gmt":"2024-05-21T07:52:54","slug":"product-1-4","status":"publish","type":"product","link":"https:\/\/nettoad.dev\/manus\/produkt\/product-1-4\/","title":{"rendered":"Schirmst\u00e4nder mit sch\u00f6ner Malerei!"},"content":{"rendered":"","protected":false},"excerpt":{"rendered":"<p>Schirmst\u00e4nder mit sch\u00f6ner Malerei und der Aufschrift.<br \/>\nZum 60. Geburtstag.<br \/>\nDie H\u00f6he hinten 61 cm. Die L\u00e4nge 27 cm.<br \/>\nDie Breite 18 cm. Die Tiefe 42 cm.<br \/>\nKEIN VERSAND.<br \/>\nKann in Wil oder Bronschhofen abgeholt werden.<\/p>\n","protected":false},"featured_media":1027,"comment_status":"open","ping_status":"closed","template":"","meta":{"_et_pb_use_builder":"","_et_pb_old_content":"","_et_gb_content_width":""},"product_cat":[19],"product_tag":[],"_links":{"self":[{"href":"https:\/\/nettoad.dev\/manus\/wp-json\/wp\/v2\/product\/114"}],"collection":[{"href":"https:\/\/nettoad.dev\/manus\/wp-json\/wp\/v2\/product"}],"about":[{"href":"https:\/\/nettoad.dev\/manus\/wp-json\/wp\/v2\/types\/product"}],"replies":[{"embeddable":true,"href":"https:\/\/nettoad.dev\/manus\/wp-json\/wp\/v2\/comments?post=114"}],"wp:featuredmedia":[{"embeddable":true,"href":"https:\/\/nettoad.dev\/manus\/wp-json\/wp\/v2\/media\/1027"}],"wp:attachment":[{"href":"https:\/\/nettoad.dev\/manus\/wp-json\/wp\/v2\/media?parent=114"}],"wp:term":[{"taxonomy":"product_cat","embeddable":true,"href":"https:\/\/nettoad.dev\/manus\/wp-json\/wp\/v2\/product_cat?post=114"},{"taxonomy":"product_tag","embeddable":true,"href":"https:\/\/nettoad.dev\/manus\/wp-json\/wp\/v2\/product_tag?post=114"}],"curies":[{"name":"wp","href":"https:\/\/api.w.org\/{rel}","templated":true}]}}